{"id":20,"date":"2022-05-11T14:04:15","date_gmt":"2022-05-11T12:04:15","guid":{"rendered":"http:\/\/www.karolew.pl\/?page_id=20"},"modified":"2022-05-11T14:33:47","modified_gmt":"2022-05-11T12:33:47","slug":"dokumenty","status":"publish","type":"page","link":"https:\/\/www.karolew.pl\/index.php\/dokumenty\/","title":{"rendered":"Dokumenty"},"content":{"rendered":"\n<ul><li><a href=\"\/Dokumenty\/ORAJ_polaczenie.pdf\" data-type=\"URL\" data-id=\"\/Dokumenty\/ORAJ_polaczenie.pdf\" target=\"_blank\" rel=\"noreferrer noopener\">Zg\u0142oszenie \u0142\u0105czenia sp\u00f3\u0142ki ORAJ Sp. z o.o.<\/a><\/li><li><a href=\"\/Dokumenty\/RAJ_polaczenie.pdf\" data-type=\"URL\" data-id=\"\/Dokumenty\/RAJ_polaczenie.pdf\" target=\"_blank\" rel=\"noreferrer noopener\">Zg\u0142oszenie \u0142\u0105czenia sp\u00f3\u0142ki RAJ Sp. z o.o.<\/a><\/li><\/ul>\n\n\n\n<p><\/p>\n","protected":false},"excerpt":{"rendered":"<p>Zg\u0142oszenie \u0142\u0105czenia sp\u00f3\u0142ki ORAJ Sp. z o.o. Zg\u0142oszenie \u0142\u0105czenia sp\u00f3\u0142ki RAJ Sp. z o.o.<\/p>\n","protected":false},"author":1,"featured_media":0,"parent":0,"menu_order":4,"comment_status":"closed","ping_status":"closed","template":"","meta":[],"_links":{"self":[{"href":"https:\/\/www.karolew.pl\/index.php\/wp-json\/wp\/v2\/pages\/20"}],"collection":[{"href":"https:\/\/www.karolew.pl\/index.php\/wp-json\/wp\/v2\/pages"}],"about":[{"href":"https:\/\/www.karolew.pl\/index.php\/wp-json\/wp\/v2\/types\/page"}],"author":[{"embeddable":true,"href":"https:\/\/www.karolew.pl\/index.php\/wp-json\/wp\/v2\/users\/1"}],"replies":[{"embeddable":true,"href":"https:\/\/www.karolew.pl\/index.php\/wp-json\/wp\/v2\/comments?post=20"}],"version-history":[{"count":5,"href":"https:\/\/www.karolew.pl\/index.php\/wp-json\/wp\/v2\/pages\/20\/revisions"}],"predecessor-version":[{"id":39,"href":"https:\/\/www.karolew.pl\/index.php\/wp-json\/wp\/v2\/pages\/20\/revisions\/39"}],"wp:attachment":[{"href":"https:\/\/www.karolew.pl\/index.php\/wp-json\/wp\/v2\/media?parent=20"}],"curies":[{"name":"wp","href":"https:\/\/api.w.org\/{rel}","templated":true}]}}